418 - 433. Let h be 7*b/35*-16. Let q be 0 - -40*(-12)/(-2). What is the greatest common divisor of q and h?
48
Suppose -499 = -3*g + 2*z, 0 = -g - 7*z + 6*z + 163. Let m(p) = -p**3 + p**2 - p + 30. Let w be m(0). What is the greatest common factor of g and w?
15
Let a be (-13)/(39/(-21)) + -4. Suppose -2*u - 23 = 5*x, -u = 3*u - 3*x + 7. Let v be (-5 - u)*-1*2. What is the greatest common factor of v and a?
1
Let n be -10 + 5/1 - -8. Suppose -2*h + 8*j = 5*j - 5, j = -n*h + 2. What is the greatest common factor of 4 and h?
1
Suppose 0*c = -3*c - 3*t - 498, -4*c + t = 684. Let k be 27/2*(c/(-30) + -3). What is the greatest common divisor of 99 and k?
9
Suppose -3*r - 14 + 26 = 0. Let d be r + (1 + -11)/5. Suppose 5*t - 5*u = 215, 182 = -2*t + 6*t - d*u. Calculate the highest common divisor of t and 6.
6
Suppose 16 = 6*g + 10. Let n be (18 - 26)*g*-2. Calculate the greatest common factor of n and 32.
16
Let l = -15620 + 16121. What is the highest common factor of 21 and l?
3
Let b(t) = -3*t**2 - 7*t - 12. Let m be b(-2). Let s be (792/21)/(m/(-70)). What is the highest common divisor of 24 and s?
24
Let f = -208 - -215. Suppose 70 = f*c + 14. Calculate the highest common divisor of 196 and c.
4
Let m(y) = -y**3 + 14*y + 9. Let n be m(-4). Suppose -n*b = 133 - 405. Calculate the highest common divisor of b and 10.
2
Suppose -8*k = -941 - 539. Let p = k + -105. Let o = -50 + p. Calculate the highest common factor of o and 10.
10
Let s = 1872 - 1836. Suppose 0 = -2*i + 3*p - 42, 3*i - 6*i = -3*p + 63. Let u = 39 + i. What is the greatest common factor of s and u?
18
Let o = 4291 + -3922. Calculate the greatest common divisor of 205 and o.
41
Suppose -5*x + 3*x + 62 = 0. Suppose -r + x = 2*t - 15, -t + 2*r = -13. Let c = t - -9. What is the greatest common factor of 210 and c?
30
Let u(t) = 93*t**2 + 35*t + 189. Let j be u(-6). Suppose 2*c - m = 2092, 4*c - 877 = -3*m + j. What is the highest common divisor of c and 8?
8
Suppose 5*q + 0*q - 4*n - 411 = 0, q + n - 84 = 0. Let a = q - 42. Let u = a - 35. Calculate the highest common divisor of u and 6.
6
Suppose -8*a - 2*m + 3322 = -3*m, -a + 405 = 5*m. Suppose -25*n - a = -2440. Calculate the highest common factor of n and 18.
9
Suppose -6*x + 65 = -x. Let p = 61 - x. Suppose 2*q - 3*j - 41 = 6, 5*j = -4*q + 39. What is the highest common factor of p and q?
16
Let z = 16 + 10. Suppose 4*t - y = -108 + 471, 0 = 3*t - 5*y - 268. What is the greatest common divisor of t and z?
13
Suppose -i = -b - 176, -2*i + 392 = 2*b + 48. Let w = -60291 - -60697. What is the greatest common factor of w and i?
58
Let u = 1310 + -1867. Let n = -215 - u. What is the highest common factor of 18 and n?
18
Let k be (-55)/(-110) + (-6447)/(-6). Calculate the highest common divisor of 129 and k.
43
Suppose 660 - 2091 = -53*m. Calculate the greatest common factor of m and 5418.
9
Suppose 0 = -93*n + 58*n + 703 + 2377. What is the highest common factor of 5544 and n?
88
Suppose 3*b = -2*b + 385. Let t(y) = 10*y - 71. Let o be t(9). Suppose 2*z + 16 = 2*n, -2*n + z = -0*n - o. Calculate the highest common factor of b and n.
11
Let w be (7 - -3)*161/14. Let y = w + -113. What is the highest common factor of 4 and y?
2
Suppose -4*q - 46980 = -a, a - 6*q - 46998 = -11*q. What is the highest common divisor of 68 and a?
68
Let n(i) = -i**3 - 15*i**2 - 4*i - 15. Let j be n(-15). Let a be 2 - (0 - 9) - (-7 + 3). What is the greatest common divisor of j and a?
15
Let g = -8378 + 8427. Calculate the highest common factor of g and 49.
49
Let p = 220 - 145. What is the greatest common factor of 12 and p?
3
Suppose -4*r - d = r - 88, -4*r - 3*d + 66 = 0. Suppose v = 0, a + 2*v = -3*a + 4. Let n be (5 - 2) + 14 + a. Calculate the greatest common factor of r and n.
18
Suppose -35*a + 34*a = -58. What is the greatest common divisor of 1073 and a?
29
Suppose 0 = -4*o + w + 22, o - 2*w + w = 7. Let a = 10 - o. Let y = 22178 + -22173. What is the greatest common factor of y and a?
5
Let y(l) = 16*l - 123. Let c = 547 - 535. Let i be y(c). What is the highest common divisor of i and 138?
69
Suppose -4*t = 5*b - 10 - 45, -2*t - 4*b = -32. What is the highest common divisor of t and 235?
5
Let t(a) = -a**2 - 42*a - 37. Let q be t(-41). Suppose 0 = -5*b - 44*b + 1764. What is the highest common factor of q and b?
4
Suppose 6*z = 4*r - 3938, 15*r - 5*z + 3905 = 19*r. What is the greatest common divisor of 20 and r?
20
Suppose -5*j - 18 = -2*q - 83, -5*j + 60 = -3*q. Suppose 0 = j*m - 238 - 977. What is the greatest common divisor of 27 and m?
27
Let v(q) = 2*q**2 - 11*q - 3. Let m be v(7). Suppose 4 + m = i. What is the greatest common factor of 231 and i?
11
Suppose 0 = -4*h - 2*j + 308, -4*h - j = -11*h + 575. Calculate the highest common divisor of 21411 and h.
27
Let a = 9979 - 9754. What is the highest common divisor of a and 1035?
45
Let g be ((-64)/(-12))/((-4)/(-594)). Let m(l) = 31*l**3 + 157*l**2 - 4*l + 18. Let d be m(-5). Calculate the highest common factor of g and d.
88
Let w = -8 + 11. Suppose 14 = 2*g, 13*v + 5*g - 42 = 12*v. What is the highest common divisor of w and v?
1
Let r = -14780 - -15020. Calculate the greatest common divisor of 930 and r.
30
Suppose -6*h - 16*h = -74690. Suppose 1213 = 12*u - h. What is the highest common factor of 12 and u?
12
Let z(r) = r**2 - 96*r + 317. Let g be z(97). Calculate the greatest common divisor of g and 2852.
46
Let b be ((-26)/(-14))/(180/46620). What is the highest common divisor of 703 and b?
37
Let a = -69 - -120. Suppose 5*o - 2*d = -a + 247, 2*o + 5*d - 61 = 0. Suppose -o*v = -39*v + 44. Calculate the greatest common divisor of v and 88.
44
Suppose -b + 120 = -0*b + 5*i, 0 = 5*b - 3*i - 516. Suppose n + 6*w - 54 = 0, 65 - 201 = -4*n - 4*w. What is the highest common factor of b and n?
15
Suppose -146*i = -305428 - 45994. Calculate the greatest common divisor of 29 and i.
29
Let v(n) = -10*n + 29. Let p be v(3). Let w(c) = 25*c**2 - 5*c - 4. Let g be w(p). What is the greatest common divisor of g and 39?
13
Suppose 4*l = 74 - 54. Suppose -2*z = -l*s + 127 + 157, 2*z = 4*s - 228. Calculate the greatest common factor of s and 70.
14
Let j = 35 - -321. Let d = 518 - j. What is the highest common divisor of 243 and d?
81
Let d(s) = 2*s**2 + 6*s + 15. Let p be d(8). Let l = 279 - p. Let o(u) = -u**3 + u**2 + u + 11. Let v be o(0). What is the highest common factor of v and l?
11
Suppose 189666 = 32*f - 55070. Calculate the highest common factor of f and 64.
32
Let f = 2333 + -1313. Suppose 4*c - f = -2*c. Let i be -4 - (-3 - c) - (-1)/(-1). What is the greatest common factor of i and 24?
24
Let m(p) = 2*p**2 - 662*p + 6608. Let a be m(10). Calculate the greatest common divisor of a and 1833.
47
Let t = -42 + 55. Let x(v) = -3*v + 35. Let h be x(t). Let a be -2 + 17 + h - 1. Calculate the highest common factor of 15 and a.
5
Suppose 7*v = -v + 216. What is the greatest common factor of 21 and v?
3
Let h = 15913 - 10082. What is the highest common divisor of 119 and h?
119
Let k = 17741 + -17701. What is the greatest common divisor of k and 4370?
10
Let d = -322 - -326. Suppose 4*i = -4*t + 117 + 167, -3*t - d*i + 208 = 0. What is the highest common factor of t and 19?
19
Let b be 2548/234 - (-100)/90. What is the greatest common divisor of 1494 and b?
6
Let d = 520 - 514. Let b be d/(-39) + (-111)/39 + 11. Calculate the highest common factor of 600 and b.
8
Suppose -256 = -2*j + 4*k, 104*k + 650 = 5*j + 99*k. Let t = -74 + 134. What is the greatest common factor of j and t?
12
Let o be (-127 - -126)/(-1*1/(-3)). Let y be (175/o)/(((-1)/(-3))/(-1)). What is the greatest common divisor of 14 and y?
7
Let f be (-178)/(-5) + 10/25. Let d be -1 + 29/5 - 3/(-15). Let w(z) = 3*z + 12. Let m be w(d). What is the greatest common divisor of m and f?
9
Suppose -2*q = 3*q - 320. Suppose -7*z - 4 + 39 = 0. Suppose -d + 17 = 3*s, z*d + 0*s - 2*s = 34. Calculate the greatest common divisor of q and d.
8
Suppose 48*q - 1991 = 7753. Calculate the greatest common divisor of 2581 and q.
29
Suppose 0 = -3*r - 0*r - 144. Let x = 119 + -133. Let b = x - r. Calculate the greatest common factor of 238 and b.
34
Suppose 228 + 420 = -1040*m + 1067*m. Suppose -z = -5*z - 3*x + 30, 32 = 5*z + x. What is the greate